.
7
Let r = 293 + -195. What is the greatest common factor of r and 56?
14
Let r(w) = -w**3 + 6*w**2 + 3. Let g be r(6). Let x be (-72)/g*1/(-2). Let l be (-3)/2*20/(-1). Calculate the highest common factor of x and l.
6
Let j = -33 + 27. Let p(l) = -9*l - 4. Let i be p(j). Calculate the highest common divisor of 25 and i.
25
Let j = 101 + -91. Let p be 6/9 + (-472)/(-12). What is the highest common factor of p and j?
10
Suppose -5*o + 5*a - a = -228, 81 = 2*o - 5*a. Calculate the highest common divisor of 66 and o.
6
Let j be (-4 + 2)/(-1) + 5. Let x be 6/(-21) + 219/j. Suppose 2*m - 3*r = 114 - 40, 4*m + 2*r - 116 = 0. What is the highest common divisor of x and m?
31
Suppose -61 = -4*z + i, 65 = 5*z - 22*i + 17*i. Calculate the highest common divisor of z and 216.
8
Suppose 8*s + 10 = 50. What is the highest common divisor of 1 and s?
1
Let a be (-137)/(-2) - (-85)/(-34). Calculate the greatest common divisor of 6 and a.
6
Let k(i) = 2*i - 3. Let r(a) = -a - 1. Let b(j) = k(j) + 3*r(j). Let u be b(-7). Calculate the greatest common divisor of 8 and u.
1
Suppose 4*z + 1 = 5*z. Let x(f) = 3 - 9*f**2 + f**3 - f + 0*f - 2*f + 12*f. Let l be x(8). Calculate the greatest common factor of z and l.
1
Let g(o) = -o**3 + 18*o**2 + 40*o + 15. Let w = 145 + -125. Let u be g(w). What is the greatest common divisor of u and 225?
15
Suppose -39 + 103 = 2*h. What is the greatest common divisor of h and 464?
16
Suppose 4*u - 7*u + 126 = 0. Suppose u = -n - 2*n. Let w = -9 - n. Calculate the highest common factor of 35 and w.
5
Suppose 8 = -3*h + 2*h. Let w = -14 - h. Let i(s) = -s**3 - 6*s**2 - 2*s + 8. Let b be i(w). Calculate the highest common factor of b and 8.
4
Let x be 3/(4/(132/9)). Let m be ((-6)/(-4))/((-21)/(-266)). Let u = m - x. What is the highest common factor of u and 4?
4
Let i = -45 + 141. Let g = 99 - i. Calculate the greatest common factor of 12 and g.
3
Let m = -573 + 703. What is the greatest common factor of 78 and m?
26
Suppose -4 = 5*a - 4*l + 3*l, a + 2 = -l. Let k be -44*(-12)/(-8)*a/3. What is the greatest common factor of 22 and k?
22
Let q(r) = -r**3 - 12*r**2 + 12. Suppose -2*k = -4*k - 24. Let y be q(k). What is the greatest common divisor of 96 and y?
12
Suppose -85 = 20*a + 875. Suppose -4*d + 2*d - 18 = 0. Let w be (3 + 0)*a/d. Calculate the greatest common divisor of w and 16.
16
Suppose 4*w - 3*y - 640 = -8*y, 2*y = 0. What is the greatest common factor of w and 200?
40
Suppose u + 3 = 2*u. Let p be (2 - 3) + 2 + u. Suppose 0*m = p*m - 224. Calculate the highest common factor of m and 7.
7
Let o(w) = 95*w - 134. Let n be o(7). Calculate the greatest common factor of n and 9.
9
Suppose 1084 = -2*s - m - 2*m, -2*s = -2*m + 1074. Suppose 49*p - 69*p = -120. Let b be (-2)/p - s/33. What is the highest common divisor of b and 2?
2
Let k = 46 - 37. Suppose -3*b = k - 0, 3*b - 105 = -3*l. Calculate the highest common factor of 95 and l.
19
Let h be (-399)/27 - (-8)/(-36). Let r be (h/(-15))/((-2)/(-30)). Let s be r - (-3 - (-6)/3). What is the greatest common divisor of s and 176?
16
Suppose 6*r - 6 = 4*r. Suppose -4*c + 0*a - 2*a = -8, r*a = -c - 8. Suppose 2*u - 22 - c = 0. What is the highest common factor of u and 26?
13
Suppose q = -2*d + 64, d + 3*q + 128 = 5*d. Calculate the highest common factor of 64 and d.
32
Suppose 0*r + d - 1530 = -5*r, 3*d - 930 = -3*r. Calculate the highest common divisor of r and 15.
5
Let z be -1 + (-62)/(-2) + -2. Let w(n) = n**3 - 7*n**2 + 15*n - 35. Let g be w(7). Calculate the highest common divisor of z and g.
14
Let o be -1449*(-3 + (-110)/(-70)). Calculate the highest common factor of o and 90.
90
Let q(a) = -17*a + 1. Let k(i) = -52*i + 4. Let w(x) = -3*k(x) + 8*q(x). Suppose o + 3*o = 12. Let b be w(o). Calculate the highest common divisor of b and 84.
28
Let g = 1627 + -1114. Calculate the highest common divisor of g and 54.
27
Let f = -240 - -288. Calculate the greatest common divisor of f and 240.
48
Suppose -o = 46 - 43, -3*y = -2*o - 60. What is the greatest common factor of y and 144?
18
Let n(v) = 7 + 1 + v - 2*v + 0*v. Let b be n(5). Let g be (2 - 3)/(b/(-15)). Calculate the greatest common factor of g and 35.
5
Suppose -3*o + 5*o + 17 = i, o = -5. Calculate the highest common divisor of 623 and i.
7
Suppose l - 396 = -53. Suppose 118 = -5*y + l. Calculate the greatest common divisor of y and 9.
9
Let t be (-6)/(-27) + (-1616)/(-18). Let j = -71 + t. What is the highest common factor of 19 and j?
19
Suppose 4*l - 1669 = -2*u - 473, -5*u = l - 2972. Calculate the greatest common factor of u and 11.
11
Suppose -5*c - p = -174, 0 = 4*c - 4*p - 153 + 33. What is the highest common divisor of c and 68?
34
Let o be (-102)/(-4)*(-12)/18. Let t = o + 38. What is the greatest common factor of t and 7?
7
Let a = 1345 + -1314. What is the highest common factor of a and 837?
31
Let z(d) = -2*d + 2. Let x(t) = -4*t + 3. Let u(h) = 3*x(h) - 7*z(h). Let k be u(7). Let r be 366/10 + (-3)/5. What is the highest common divisor of r and k?
9
Let g(n) = 2*n - 9. Let a be g(4). Let y be -2 + (a - -4) + 9. Calculate the highest common divisor of y and 25.
5
Let h be (-4 - -1)*(-19)/(-3). Suppose -r - 2*q + 99 = 0, 3*r + q = -0*q + 322. Let f = r + h. Calculate the highest common factor of 10 and f.
10
Let n(c) = c**3 - 28*c**2 - 95*c + 64. Let l be n(31). Calculate the highest common divisor of 226 and l.
2
Let v(j) = -7*j - 7. Let l be 2/(-15) - 356/30. Let m be v(l). Calculate the greatest common factor of m and 11.
11
Suppose -5*r + 10*r + 3*o = 659, 5*r + 5*o - 665 = 0. What is the highest common factor of 325 and r?
65
Suppose -2 - 4 = -3*j. Suppose 2*k - 4*r = 26, k + 0*k = -j*r + 1. Suppose -1 = 3*q - k. Calculate the greatest common factor of 10 and q.
2
Suppose 135 = -0*p + 9*p. Let n be (25/(-15) - -3)/(2/p). What is the greatest common factor of 2 and n?
2
Let u be 2/6*(-1 + 22). Let s(k) = -9*k - 11. Let v be s(5). Let d = v - -63. What is the highest common divisor of d and u?
7
Suppose -3*y - 4042 = -5*p, p - 2*p - 3*y = -794. Calculate the highest common divisor of p and 26.
26
Let p(s) = -s**3 + 8*s**2 - 7*s + 8. Let q be p(7). Suppose 3 = -w + 59. What is the greatest common divisor of w and q?
8
Suppose 24*j - 26*j = -34. Suppose -107 = -9*o - j. What is the greatest common factor of 5 and o?
5
Let s = 3 - -2. Let r be (s/(-10))/(1/(-6)). Suppose 96 = r*l - 294. What is the highest common divisor of 52 and l?
26
Let w = -200 + 211. Calculate the greatest common factor of w and 1.
1
Suppose 6512 = 12*t - 12460. Calculate the greatest common factor of t and 51.
51
Suppose 47*o + 14 = 45*o. Let f(s) = -2*s**3 - 15*s**2 - 6*s + 9. Let u be f(o). What is the highest common factor of u and 3?
1
Let i be ((-163)/(-2) - -4)*(-2)/(-3). Let w = -56 + i. Suppose t - 2 = -2*t + 4*y, -3*t + 5 = -y. Calculate the greatest common divisor of t and w.
1
Suppose 2*l - 4*r + 94 = -74, -3*l - 236 = -2*r. Let g = 285 + l. Calculate the highest common factor of 19 and g.
19
Suppose -11*m = -17*m + 60. Let s be ((-5)/4)/(9/(-432)). What is the highest common factor of m and s?
10
Let d = 28 + -8. Let u(s) = -3*s**3 - 2*s + 2. Suppose -2*k - 2 = i, -k + 0*i + 4*i = 10. Let n be u(k). Calculate the greatest common divisor of d and n.
10
Let s = 12 + -7. Suppose 0 = 2*o + 3*q - 3, 0*o + o - 4*q = -4. Suppose 6*y - s*y - 5 = o. Calculate the greatest common divisor of y and 5.
5
Let j = -33 - -36. Suppose 5*u - 660 = -h - j*h, 0 = 3*u + 5*h - 409. What is the highest common divisor of u and 16?
16
Let a be -1*0*(-4)/(-8). Suppose -3*j + 19 = -i, i + 9 = j - a*j. Calculate the highest common factor of j and 20.
5
Let d = -11 + 14. Suppose 3*u - d*w = 2*u - 31, -5*w = 5*u + 135. Let q = u + 61. What is the highest common factor of 11 and q?
11
Let m(c) = c**2 - 7. Let q be m(-3). Suppose -4*h - h + 3*u + 1108 = 0, -3*h + 664 = -q*u. Let w = h + -96. Calculate the highest common divisor of w and 16.
16
Suppose 54 = 2*i + a - 20, 5*a - 20 = 0. What is the greatest common factor of i and 35?
35
Suppose -4*i - 2*y + 972 = -3*i, 3*i + y - 2941 = 0. Suppose -62 = 5*s - i. Suppose -69*o = -70*o + 23. Calculate the greatest common factor of o and s.
23
Let z be -40*((-90)/(-8))/(-5). Suppose -14*q = -127 - 125. W